t l(w) = -3*w + 4 - 5*w + 6*w. Determine l(-5).
14
Let d(y) be the second derivative of -y**5/20 + y**4/12 - y**3/2 + 3*y**2/2 + 16*y. Calculate d(2).
-7
Let b(x) = -x - 1. Suppose -9 = t - 4*w, -2*t - w - 6 = -5*w. Let q be 3*t/18*8. Give b(q).
-5
Let n(t) = -t**2 + 6*t - 4. Let k(d) = -2*d + 4. Let l be k(5). Let q be 4/(-3)*l/4. Let o be (-54)/(-12) - 1/q. What is n(o)?
4
Let h(q) = q - q**3 + 3*q**2 + 12 - 14 + 7. Calculate h(4).
-7
Let k(s) = 4*s**3. Let b be 0 + 1 - (0 - -1). Let d be 6/42 - 20/(-7). Suppose b*v - 3*v + d = 0. What is k(v)?
4
Let j(l) = -6*l**2 + 6 - 8*l + l**2 + l**3 + 0*l**3. Determine j(6).
-6
Let f(r) = -3*r**2 - 13*r + 11. Let v(y) = -7*y**2 - 27*y + 23. Let u(q) = -5*f(q) + 2*v(q). Determine u(-12).
3
Let n(k) = 6*k**2 - k - 7. Let t(h) = 17*h**2 - 2*h - 20. Let p(c) = -11*n(c) + 4*t(c). What is p(-5)?
32
Let f(y) be the second derivative of -y**4/12 + 2*y**3/3 + 2*y**2 - 15*y. Suppose -6*v + v = 5*d - 55, 2*d - 58 = -5*v. Let a = -8 + v. What is f(a)?
4
Let u(a) = 3*a - 2. Let w(t) = 2*t - 2. Let h(z) = -5*u(z) + 6*w(z). Give h(-2).
4
Let v(t) = t - 1. Let d(o) = -o - 2. Let s(n) = d(n) - v(n). What is s(3)?
-7
Suppose -2*c - 5*q + 19 = 0, 5*q + 0*q - 7 = 4*c. Let u(y) = -2 + 2*y + y + 0*y + y**c. Calculate u(-4).
2
Let x(y) = 0*y + 3*y + 0*y - y. Calculate x(3).
6
Let a(b) = -b + 4. Suppose 3*h + 5*o = -10, -h = -2*o + o - 2. Suppose 2*k + 0 - 14 = h. Let u(w) = -w**3 + 6*w**2 + 7*w + 3. Let y be u(k). Calculate a(y).
1
Let l(u) be the third derivative of -u**6/60 - u**5/20 - u**4/24 + u**3/6 + 3*u**2. Let c = 21 - 13. Suppose 0 = 2*z + 2*z + c. Determine l(z).
7
Let n(w) = 2*w**2 + 4*w - 1. Let q(j) = -2*j**2 - 4*j + 1. Let i(m) = -3*n(m) - 4*q(m). What is i(-4)?
15
Let w(d) = -6*d - 2*d**2 + d**2 - 46 + 50. Let z(q) = -6*q**3 + q. Let k be z(1). Let a = k - 1. Determine w(a).
4
Let n(r) = 2*r. Let g be (-4)/(-26) + (-48)/(-26). Suppose m = -0*s - g*s + 8, -3*m + 5*s = 9. Determine n(m).
4
Let t(k) be the first derivative of -k**5/60 - k**4/6 - k**3/6 + k**2 + 3. Let f(j) be the second derivative of t(j). Determine f(-3).
2
Let y(c) = 3*c + 11. Let x be y(-5). Let d(g) = -g**2 - 5*g - 3. Give d(x).
1
Let d(v) = v**3 + v + 3. Suppose 10 + 16 = 5*f - 4*s, 5*f + s - 31 = 0. Suppose -g + f*g = 0. Calculate d(g).
3
Suppose -3*t + 5*p = -0*t - 13, 4*t = -3*p + 27. Let y(o) be the second derivative of -o**5/20 + o**4/2 + 2*o**2 - o. Give y(t).
4
Let s = -40 + 27. Let p(i) = 2*i**2 - 2*i - 5. Let b(v) = -4*v**2 + 4*v + 11. Let n(x) = s*p(x) - 6*b(x). What is n(1)?
-1
Let f(k) be the first derivative of k**4/2 + k**2/2 + 24. What is f(-1)?
-3
Let o = -38 + 34. Let y(m) = -2*m - 1. Let n(t) = -3*t. Let s(q) = 3*n(q) - 4*y(q). Determine s(o).
8
Let l(k) = -k**3 + k**2 - k - 5. Let h = -9 - -9. Give l(h).
-5
Let d be (-36)/10 - 6/(-10). Let h(o) = 2*o + 5. Determine h(d).
-1
Let p(v) = 6*v**3 - 11*v**2 - 12*v - 1. Let a(n) = -1 + 7*n**3 - 11*n - 4*n - 12*n**2 + 2*n. Let m(y) = -5*a(y) + 6*p(y). Calculate m(7).
-1
Let b be (1/(-1))/(8/(-3 + 19)). Let t(f) = 4*f + 2. Calculate t(b).
-6
Suppose 0 = -4*w + 5*s + 45, -3 = -2*w + 3*s + 22. Let i(n) = -n**3 + 6*n**2 - 6*n + 3. Determine i(w).
-2
Let t(j) = j + 7 + 1 - 1. Let f = 5 - 10. Determine t(f).
2
Suppose -14*r = -16*r. Suppose r = 2*f - 2 - 2. Let b(y) = -y**3 + 2*y. What is b(f)?
-4
Let q(w) = w**3 - w**2 - w. Let x(i) = -3*i**3 - i**2 - 3*i - 1. Let l(n) = -2*q(n) + x(n). Give l(-1).
6
Let n(l) be the third derivative of l**5/60 + l**4/8 + l**3/6 - 8*l**2. Let k(q) = -3*q**2 - 2*q - 1. Let x be k(-1). Calculate n(x).
-1
Suppose -5*y + 2*y = 2*p - 18, 3*y - 4*p = 0. Let a(u) = 3*u + 1. Determine a(y).
13
Let q(k) be the second derivative of -k**6/120 - k**5/30 + k**4/24 + k**3/3 + 3*k**2/2 - 3*k. Let j(w) be the first derivative of q(w). Give j(-2).
0
Let m(j) be the second derivative of j**4/12 + j**3 - 2*j**2 + 4*j - 3. Give m(-7).
3
Let t(p) be the second derivative of -3*p**3/2 - 3*p**2/2 - 2*p. Let i be t(-2). Suppose 3 = 4*y + i. Let q(w) = -w**2 - w + 1. Give q(y).
-5
Let d(k) = 2*k**2 - 2*k - 1. Suppose z + a - 8 = 0, 3*a - 12 = 6*a. Suppose 4*r = -4 + z. What is d(r)?
3
Suppose 4*h - 1 = -i, 5*h + 4*i + 5 = -2. Let a(x) = x + x - 4*x**2 - 4*x + h. Give a(1).
-5
Suppose 2*m + 12 = 4. Let i(z) = -5 + z**2 + 2*z**2 + z**3 + z**2 - z. Give i(m).
-1
Let a(d) = d. Suppose 3*r = -0*r + h + 2, -r = -4*h + 3. Let t = r - 4. Let o be 3/(0/t + -1). Give a(o).
-3
Let a(f) = -f**3 + 5*f**2 + 2*f**2 - 4 - 2*f**2 - f. Calculate a(4).
8
Let j(z) = -z**2 + 4*z - 21. Let c(a) = a**2 - 3*a + 20. Let x(u) = 5*c(u) + 4*j(u). Calculate x(0).
16
Let s(d) = d + 5. Suppose -v - 3 = 6*q - q, 3*q + v = -3. Determine s(q).
5
Let v be 0 - (4 + 4 + -4). Let m(w) = -w**3 - 4*w**2 + 5. Calculate m(v).
5
Let o(i) be the second derivative of i**5/20 + i**4/3 + i**3/6 - 3*i**2/2 - 12*i. Let x(u) = -3 - u - 1 + 2*u + u**2 + u**3. Let d be x(0). What is o(d)?
-7
Let o be (28/5)/(10/(-75)). Let w be o/(-10) + 4/(-20). Let l(x) = -x**2 + 7*x - 2. Calculate l(w).
10
Let m = -12 - -6. Let v = -3 - m. Let t(g) = 1 + v*g + g**2 - 5*g + 4*g**2. Give t(1).
4
Let m(q) = -3*q**2 + 3*q + 5. Let y(t) = 4*t**2 - 2*t - 4. Let n(i) = 3*m(i) + 2*y(i). Let p be n(6). Let f(o) = p + 0 - 2*o + 5*o. Calculate f(1).
4
Let a be (3/(-9)*-3)/(1/2). Let m(k) = k + 0*k + 2*k. Calculate m(a).
6
Suppose -f = 1 - 2. Let n be -1 + f - (-6)/3. Let t(h) = -4*h + 2*h - 2*h - h**n. Calculate t(-4).
0
Let v(z) = z**2 - 7*z + 14. Let y be v(4). Let g(l) be the second derivative of l - 1/2*l**3 + y*l**2 + 1/12*l**4 + 0. Calculate g(3).
4
Let p(r) = r + 6. Let q = 12 + -8. Suppose q*i + b = -b + 32, -i = -b - 2. Give p(i).
12
Let v(h) be the first derivative of -2*h**3/3 - 9*h**2/2 - 10. Calculate v(-6).
-18
Let q(d) = d**2 + 5*d + 2. Let u be q(-4). Let y be 4*(3 - (-7)/u). Let s be -10*(0 + y/(-5)). Let t(k) = k**2 + 5*k + 2. Determine t(s).
-2
Let p(l) = -2*l - 2. Let i(h) = 1. Let t(c) = -i(c) - p(c). Suppose 0 = 6*w - w. Let j(d) = -d**2 + d - 1. Let g be j(w). Calculate t(g).
-1
Let y(d) be the second derivative of d**4/12 - 5*d**3/6 - 3*d**2 - 5*d. Let f = 9 + -3. What is y(f)?
0
Let p(u) = 11*u. Let j = -111 + 110. Calculate p(j).
-11
Let h = 8 - 8. Let y(o) = o**2 - 19. Calculate y(h).
-19
Let r be (-1 - 0) + -4*2. Let k(j) = j**2 + 9*j + 2. Let c be k(r). Let x(v) = 0*v**3 - 3*v**3 + v + 3 + c*v**2 + 2*v**3. Determine x(3).
-3
Suppose 5*s = -d - d - 25, 3*d + 27 = -4*s. Let i(u) = u + 7. What is i(d)?
2
Suppose 3*p = 2*p. Suppose p = -0*j - j + t, -2*j - 7 = 5*t. Let c be 1/(-2*j/4). Let m(x) = -2*x**3 + 3*x**2 - 2*x + 1. Determine m(c).
-7
Let d(x) be the second derivative of x**4/6 + x**3/2 + x**2/2 - 19*x. Calculate d(-2).
3
Let j(b) be the third derivative of -b**7/1260 + b**6/180 - b**5/30 + 5*b**4/24 + 5*b**2. Let n(s) be the second derivative of j(s). Calculate n(3).
-10
Let h(u) = -u**2 - 2*u + 1. Let a be 7/21 + (-35)/(-3). Suppose -3*y - a = -0*y. What is h(y)?
-7
Suppose -3*g - 1 = -10. Let t be (4/12)/(2/6). Let n(x) = -x - 1. Let u(d) = -3*d - 7. Let b(c) = t*u(c) - 6*n(c). Determine b(g).
8
Let c be 0/(2 + -5) - -1. Let a be c/3 + 2/3. Let f(m) = -1 + 0 - m + 0. Calculate f(a).
-2
Let n(v) = -v**3 - 2*v**2 + 4*v + 2. Let x = -58 - -55. Determine n(x).
-1
Let f be ((-3)/(-2))/(3/(-4)). Let h be f + -2*(1 + 0). Let i(u) = 1. Let s(k) = -k**2 - 4*k - 2. Let c(d) = -3*i(d) + s(d). Calculate c(h).
-5
Let l(k) = 4*k**2 - 2*k - 4. Let v(g) = -g**2 - g + 1. Let c(f) = -l(f) - 3*v(f). What is c(3)?
7
Let t(f) be the third derivative of -f**5/60 + f**4/8 + f**3/6 + 7*f**2. What is t(4)?
-3
Let d = 24 - 26. Let y(m) be the third derivative of m**6/60 + m**5/30 + m**3/3 - 2*m**2. Calculate y(d).
-6
Let a(q) be the second derivative of q**4/12 - q**3/3 - q**2 + q. Let o = 16 - 10. Suppose 2*s = -5*z + 9, -3 - o = 3*s. Calculate a(z).
1
Let r(q) = -5*q**3 + 2*q**2 - 1. Let a(v) = -v**3 - 7*v**2 - v - 2. Let b be a(-7). Suppose -5*h - b*k = 16 + 4, 2*k + 10 = 0. Determine r(h).
-4
Let u(l) = -l**2 - 9*l - 12. Let y be u(-7). Let f(d) = 2*d - 3. Calculate f(y).
1
Let n(j) be the first derivative of -j**4/2 - 2*j**3/3 + j**2 - j - 4. Give n(1).
-3
Let b = 0 + 4. Let v(a) = -1 + 3*a - b*a + 2 - 6*a. What is v(-1)?
8
Let k(w) 